{"id":2,"date":"2025-10-14T08:02:14","date_gmt":"2025-10-14T08:02:14","guid":{"rendered":"http:\/\/luciafitnessjump.com\/?page_id=2"},"modified":"2025-11-06T19:52:30","modified_gmt":"2025-11-06T19:52:30","slug":"sample-page","status":"publish","type":"page","link":"https:\/\/luciafitnessjump.com\/","title":{"rendered":"Accueil"},"content":{"rendered":"\n<p>Bonjour, bienvenue sur mon site ! D\u00e9couvrez la corde \u00e0 sauter acrobatique \u00e0 travers des entra\u00eenements, des conseils et des projets d\u00e9di\u00e9s \u00e0 ce sport unique. <\/p>\n\n\n\n<div class=\"wp-block-columns is-layout-flex wp-container-core-columns-is-layout-28f84493 wp-block-columns-is-layout-flex\">\n<div class=\"wp-block-column is-layout-flow wp-block-column-is-layout-flow\">\n<figure class=\"wp-block-image size-large\"><img loading=\"lazy\" decoding=\"async\" width=\"768\" height=\"1024\" src=\"https:\/\/luciafitnessjump.com\/wp-content\/uploads\/2025\/10\/1000015771-1-768x1024.jpg\" alt=\"\" class=\"wp-image-77\" style=\"aspect-ratio:3\/4;object-fit:cover\" srcset=\"https:\/\/luciafitnessjump.com\/wp-content\/uploads\/2025\/10\/1000015771-1-768x1024.jpg 768w, https:\/\/luciafitnessjump.com\/wp-content\/uploads\/2025\/10\/1000015771-1-225x300.jpg 225w, https:\/\/luciafitnessjump.com\/wp-content\/uploads\/2025\/10\/1000015771-1-1152x1536.jpg 1152w, https:\/\/luciafitnessjump.com\/wp-content\/uploads\/2025\/10\/1000015771-1-1536x2048.jpg 1536w, https:\/\/luciafitnessjump.com\/wp-content\/uploads\/2025\/10\/1000015771-1-scaled.jpg 1920w\" sizes=\"auto, (max-width: 768px) 100vw, 768px\" \/><\/figure>\n\n\n\n<p><strong>Cours Collectifs<\/strong><\/p>\n\n\n\n<p class=\"has-text-align-left\">Nos cours collectifs sont ouverts \u00e0 tous les niveaux. Chaque s\u00e9ance vous permet de progresser \u00e0 votre rythme, d\u2019am\u00e9liorer votre technique et de partager un moment sportif et motivant en groupe.<\/p>\n\n\n\n<div class=\"wp-block-buttons is-layout-flex wp-block-buttons-is-layout-flex\">\n<div class=\"wp-block-button\"><a class=\"wp-block-button__link wp-element-button\" href=\"https:\/\/luciafitnessjump.com\/wp-admin\/post.php?post=56&amp;action=edit\">Cours collectifs<\/a><\/div>\n<\/div>\n<\/div>\n\n\n\n<div class=\"wp-block-column is-layout-flow wp-block-column-is-layout-flow\">\n<figure class=\"wp-block-image size-full\"><img loading=\"lazy\" decoding=\"async\" width=\"396\" height=\"505\" src=\"https:\/\/luciafitnessjump.com\/wp-content\/uploads\/2025\/10\/1000018644.jpg\" alt=\"\" class=\"wp-image-78\" style=\"aspect-ratio:3\/4;object-fit:cover\" srcset=\"https:\/\/luciafitnessjump.com\/wp-content\/uploads\/2025\/10\/1000018644.jpg 396w, https:\/\/luciafitnessjump.com\/wp-content\/uploads\/2025\/10\/1000018644-235x300.jpg 235w\" sizes=\"auto, (max-width: 396px) 100vw, 396px\" \/><\/figure>\n\n\n\n<p><strong>Cours Priv\u00e9s<\/strong><\/p>\n\n\n\n<p>Profitez d\u2019un accompagnement personnalis\u00e9 avec les cours priv\u00e9s de corde \u00e0 sauter. Adapt\u00e9s \u00e0 votre niveau et \u00e0 vos objectifs, ces s\u00e9ances sur mesure permettent de progresser rapidement, de perfectionner votre technique et de booster votre confiance.<\/p>\n\n\n\n<div class=\"wp-block-buttons is-layout-flex wp-block-buttons-is-layout-flex\">\n<div class=\"wp-block-button\"><a class=\"wp-block-button__link wp-element-button\" href=\"https:\/\/luciafitnessjump.com\/wp-admin\/post.php?post=58&amp;action=edit\">Cours priv\u00e9s<\/a><\/div>\n<\/div>\n<\/div>\n\n\n\n<div class=\"wp-block-column is-layout-flow wp-block-column-is-layout-flow\">\n<figure class=\"wp-block-image size-full\"><img loading=\"lazy\" decoding=\"async\" width=\"485\" height=\"484\" src=\"https:\/\/luciafitnessjump.com\/wp-content\/uploads\/2025\/10\/1000018643.jpg\" alt=\"\" class=\"wp-image-79\" style=\"aspect-ratio:3\/4;object-fit:cover\" srcset=\"https:\/\/luciafitnessjump.com\/wp-content\/uploads\/2025\/10\/1000018643.jpg 485w, https:\/\/luciafitnessjump.com\/wp-content\/uploads\/2025\/10\/1000018643-300x300.jpg 300w, https:\/\/luciafitnessjump.com\/wp-content\/uploads\/2025\/10\/1000018643-150x150.jpg 150w\" sizes=\"auto, (max-width: 485px) 100vw, 485px\" \/><\/figure>\n\n\n\n<p><strong>Cours online<\/strong><\/p>\n\n\n\n<p>Entra\u00eenez-vous o\u00f9 que vous soyez avec nos cours en ligne de corde \u00e0 sauter ! Des s\u00e9ances interactives, adapt\u00e9es \u00e0 tous les niveaux, pour progresser \u00e0 votre rythme tout en profitant de conseils personnalis\u00e9s.<\/p>\n\n\n\n<div class=\"wp-block-buttons is-layout-flex wp-block-buttons-is-layout-flex\">\n<div class=\"wp-block-button\"><a class=\"wp-block-button__link wp-element-button\" href=\"https:\/\/luciafitnessjump.com\/wp-admin\/post.php?post=60&amp;action=edit\">Cours online<\/a><\/div>\n<\/div>\n<\/div>\n<\/div>\n\n\n\n<div class=\"wp-block-stackable-spacer stk-block-spacer stk--no-padding stk-block stk-d4c8e8c\" data-block-id=\"d4c8e8c\"><style>.stk-d4c8e8c {height:71px !important;}<\/style><\/div>\n\n\n\n<div class=\"wp-block-query is-layout-flow wp-block-query-is-layout-flow\"><ul class=\"wp-block-post-template is-layout-flow wp-block-post-template-is-layout-flow\"><li class=\"wp-block-post post-125 post type-post status-publish format-standard has-post-thumbnail hentry category-nooouvelles-dans-le-monde-de-corde-a-sauter\">\n\n<div class=\"wp-block-columns are-vertically-aligned-center is-layout-flex wp-container-core-columns-is-layout-28f84493 wp-block-columns-is-layout-flex\">\n<div class=\"wp-block-column is-vertically-aligned-center is-layout-flow wp-block-column-is-layout-flow\" style=\"flex-basis:25%\"><figure class=\"wp-block-post-featured-image\"><a href=\"https:\/\/luciafitnessjump.com\/?p=125\" target=\"_self\"  ><img loading=\"lazy\" decoding=\"async\" width=\"1080\" height=\"1080\" src=\"https:\/\/luciafitnessjump.com\/wp-content\/uploads\/2025\/10\/1000017918.png\" class=\"attachment-post-thumbnail size-post-thumbnail wp-post-image\" alt=\"Records mondiaux battus lors des Championnats du Monde de Corde \u00e0 Sauter 2025\" style=\"object-fit:cover;\" srcset=\"https:\/\/luciafitnessjump.com\/wp-content\/uploads\/2025\/10\/1000017918.png 1080w, https:\/\/luciafitnessjump.com\/wp-content\/uploads\/2025\/10\/1000017918-300x300.png 300w, https:\/\/luciafitnessjump.com\/wp-content\/uploads\/2025\/10\/1000017918-1024x1024.png 1024w, https:\/\/luciafitnessjump.com\/wp-content\/uploads\/2025\/10\/1000017918-150x150.png 150w, https:\/\/luciafitnessjump.com\/wp-content\/uploads\/2025\/10\/1000017918-768x768.png 768w\" sizes=\"auto, (max-width: 1080px) 100vw, 1080px\" \/><\/a><\/figure><\/div>\n\n\n\n<div class=\"wp-block-column is-vertically-aligned-center is-layout-flow wp-block-column-is-layout-flow\" style=\"flex-basis:75%\"><h2 class=\"wp-block-post-title\"><a href=\"https:\/\/luciafitnessjump.com\/?p=125\" target=\"_self\" >Records mondiaux battus lors des Championnats du Monde de Corde \u00e0 Sauter 2025<\/a><\/h2><\/div>\n<\/div>\n\n<\/li><li class=\"wp-block-post post-122 post type-post status-publish format-standard has-post-thumbnail hentry category-corde-a-sauter\">\n\n<div class=\"wp-block-columns are-vertically-aligned-center is-layout-flex wp-container-core-columns-is-layout-28f84493 wp-block-columns-is-layout-flex\">\n<div class=\"wp-block-column is-vertically-aligned-center is-layout-flow wp-block-column-is-layout-flow\" style=\"flex-basis:25%\"><figure class=\"wp-block-post-featured-image\"><a href=\"https:\/\/luciafitnessjump.com\/?p=122\" target=\"_self\"  ><img loading=\"lazy\" decoding=\"async\" width=\"2560\" height=\"1707\" src=\"https:\/\/luciafitnessjump.com\/wp-content\/uploads\/2025\/10\/Tori-Boggs-AS-scaled-1.jpg\" class=\"attachment-post-thumbnail size-post-thumbnail wp-post-image\" alt=\"La corde \u00e0 sauter : un sport complet, fun et accessible \u00e0 tous\" style=\"object-fit:cover;\" srcset=\"https:\/\/luciafitnessjump.com\/wp-content\/uploads\/2025\/10\/Tori-Boggs-AS-scaled-1.jpg 2560w, https:\/\/luciafitnessjump.com\/wp-content\/uploads\/2025\/10\/Tori-Boggs-AS-scaled-1-300x200.jpg 300w, https:\/\/luciafitnessjump.com\/wp-content\/uploads\/2025\/10\/Tori-Boggs-AS-scaled-1-1024x683.jpg 1024w, https:\/\/luciafitnessjump.com\/wp-content\/uploads\/2025\/10\/Tori-Boggs-AS-scaled-1-768x512.jpg 768w, https:\/\/luciafitnessjump.com\/wp-content\/uploads\/2025\/10\/Tori-Boggs-AS-scaled-1-1536x1024.jpg 1536w, https:\/\/luciafitnessjump.com\/wp-content\/uploads\/2025\/10\/Tori-Boggs-AS-scaled-1-2048x1366.jpg 2048w\" sizes=\"auto, (max-width: 2560px) 100vw, 2560px\" \/><\/a><\/figure><\/div>\n\n\n\n<div class=\"wp-block-column is-vertically-aligned-center is-layout-flow wp-block-column-is-layout-flow\" style=\"flex-basis:75%\"><h2 class=\"wp-block-post-title\"><a href=\"https:\/\/luciafitnessjump.com\/?p=122\" target=\"_self\" >La corde \u00e0 sauter : un sport complet, fun et accessible \u00e0 tous<\/a><\/h2><\/div>\n<\/div>\n\n<\/li><\/ul><\/div>\n","protected":false},"excerpt":{"rendered":"<p>Bonjour, bienvenue sur mon site ! D\u00e9couvrez la corde \u00e0 sauter acrobatique \u00e0 travers des entra\u00eenements, des conseils et des projets d\u00e9di\u00e9s \u00e0 ce sport unique. Cours Collectifs Nos cours collectifs sont ouverts \u00e0 tous les niveaux. Chaque s\u00e9ance vous permet de progresser \u00e0 votre rythme, d\u2019am\u00e9liorer votre technique et de partager un moment sportif [&hellip;]<\/p>\n","protected":false},"author":1,"featured_media":0,"parent":0,"menu_order":1,"comment_status":"closed","ping_status":"closed","template":"","meta":{"footnotes":""},"class_list":["post-2","page","type-page","status-publish","hentry"],"blocksy_meta":[],"_links":{"self":[{"href":"https:\/\/luciafitnessjump.com\/index.php?rest_route=\/wp\/v2\/pages\/2","targetHints":{"allow":["GET"]}}],"collection":[{"href":"https:\/\/luciafitnessjump.com\/index.php?rest_route=\/wp\/v2\/pages"}],"about":[{"href":"https:\/\/luciafitnessjump.com\/index.php?rest_route=\/wp\/v2\/types\/page"}],"author":[{"embeddable":true,"href":"https:\/\/luciafitnessjump.com\/index.php?rest_route=\/wp\/v2\/users\/1"}],"replies":[{"embeddable":true,"href":"https:\/\/luciafitnessjump.com\/index.php?rest_route=%2Fwp%2Fv2%2Fcomments&post=2"}],"version-history":[{"count":19,"href":"https:\/\/luciafitnessjump.com\/index.php?rest_route=\/wp\/v2\/pages\/2\/revisions"}],"predecessor-version":[{"id":216,"href":"https:\/\/luciafitnessjump.com\/index.php?rest_route=\/wp\/v2\/pages\/2\/revisions\/216"}],"wp:attachment":[{"href":"https:\/\/luciafitnessjump.com\/index.php?rest_route=%2Fwp%2Fv2%2Fmedia&parent=2"}],"curies":[{"name":"wp","href":"https:\/\/api.w.org\/{rel}","templated":true}]}}